{"id":3954,"date":"2022-08-13T12:29:46","date_gmt":"2022-08-13T10:29:46","guid":{"rendered":"http:\/\/www.unpicdetimpliber.ro\/?page_id=3954"},"modified":"2022-08-13T15:28:17","modified_gmt":"2022-08-13T13:28:17","slug":"pagini-cu-subiecte-diverse-pentru-blog","status":"publish","type":"page","link":"https:\/\/www.unpicdetimpliber.ro\/wordpress\/pagini-cu-subiecte-diverse-pentru-blog","title":{"rendered":"Pagini cu subiecte diverse pentru blog"},"content":{"rendered":"<div class=\"fcbkbttn_buttons_block\" id=\"fcbkbttn_left\"><div class=\"fcbkbttn_like \"><fb:like href=\"https:\/\/www.unpicdetimpliber.ro\/wordpress\/pagini-cu-subiecte-diverse-pentru-blog\" action=\"like\" colorscheme=\"light\" layout=\"box_count\"  size=\"small\"><\/fb:like><\/div><div class=\"fb-share-button  \" data-href=\"https:\/\/www.unpicdetimpliber.ro\/wordpress\/pagini-cu-subiecte-diverse-pentru-blog\" data-type=\"button_count\" data-size=\"small\"><\/div><\/div><p><a href=\"https:\/\/www.unpicdetimpliber.ro\/wordpress\/pagini-cu-subiecte-diverse-pentru-blog\/sa-fii-turist-in-rezervatia-cheile-turzii\" target=\"_blank\" rel=\"noopener\"><strong>S\u0103 fii turist \u00een Cheile Turzii<\/strong><\/a><\/p>\n<p><a href=\"https:\/\/www.unpicdetimpliber.ro\/wordpress\/pagini-cu-subiecte-diverse-pentru-blog\/trasee-comparative-alese-de-echipe-in-editia-din-aiud-a-propark-2022-muntii-fagaras-colinele-transilvaniei\" target=\"_blank\" rel=\"noopener\"><strong>Trasee comparative alese de echipe \u00een edi\u0163ia din Aiud a Propark 2022 Mun\u0163ii F\u0103g\u0103ra\u015f &#8211; Colinele Transilvaniei<\/strong><\/a><\/p>\n","protected":false},"excerpt":{"rendered":"<p>S\u0103 fii turist \u00een Cheile Turzii Trasee comparative alese de echipe \u00een edi\u0163ia din Aiud a Propark 2022 Mun\u0163ii F\u0103g\u0103ra\u015f &#8211; Colinele Transilvaniei<\/p>\n","protected":false},"author":1,"featured_media":3959,"parent":0,"menu_order":0,"comment_status":"closed","ping_status":"closed","template":"","meta":{"ngg_post_thumbnail":0,"footnotes":""},"class_list":["post-3954","page","type-page","status-publish","has-post-thumbnail","hentry"],"_links":{"self":[{"href":"https:\/\/www.unpicdetimpliber.ro\/wordpress\/wp-json\/wp\/v2\/pages\/3954","targetHints":{"allow":["GET"]}}],"collection":[{"href":"https:\/\/www.unpicdetimpliber.ro\/wordpress\/wp-json\/wp\/v2\/pages"}],"about":[{"href":"https:\/\/www.unpicdetimpliber.ro\/wordpress\/wp-json\/wp\/v2\/types\/page"}],"author":[{"embeddable":true,"href":"https:\/\/www.unpicdetimpliber.ro\/wordpress\/wp-json\/wp\/v2\/users\/1"}],"replies":[{"embeddable":true,"href":"https:\/\/www.unpicdetimpliber.ro\/wordpress\/wp-json\/wp\/v2\/comments?post=3954"}],"version-history":[{"count":4,"href":"https:\/\/www.unpicdetimpliber.ro\/wordpress\/wp-json\/wp\/v2\/pages\/3954\/revisions"}],"predecessor-version":[{"id":3972,"href":"https:\/\/www.unpicdetimpliber.ro\/wordpress\/wp-json\/wp\/v2\/pages\/3954\/revisions\/3972"}],"wp:featuredmedia":[{"embeddable":true,"href":"https:\/\/www.unpicdetimpliber.ro\/wordpress\/wp-json\/wp\/v2\/media\/3959"}],"wp:attachment":[{"href":"https:\/\/www.unpicdetimpliber.ro\/wordpress\/wp-json\/wp\/v2\/media?parent=3954"}],"curies":[{"name":"wp","href":"https:\/\/api.w.org\/{rel}","templated":true}]}}